{"id":347,"date":"2026-02-26T17:56:59","date_gmt":"2026-02-26T16:56:59","guid":{"rendered":"https:\/\/staging1.agrelliebasta.it\/?post_type=luogo&#038;p=347"},"modified":"2026-02-26T17:56:59","modified_gmt":"2026-02-26T16:56:59","slug":"il-faro","status":"publish","type":"luogo","link":"https:\/\/staging1.agrelliebasta.it\/en\/luogo\/il-faro\/","title":{"rendered":"The Lighthouse"},"content":{"rendered":"<p>The Punta Carena Lighthouse is located on the island of Capri, on the headland of the same name, about 3 km southwest of Anacapri. The lighthouse has been in operation since 1867. Its construction began in 1862, based on a project by Bourbon engineers, and it is one of the largest and most powerful lighthouses in Italy, second only to the one in Genoa.\n\nThe lighthouse is managed by the Italian Navy\u2019s Lighthouse Zone Command based in Naples, which oversees all the lighthouses of the southern Tyrrhenian Sea, under the Capri jurisdiction. (source: Wikipedia)<\/p>","protected":false},"featured_media":348,"template":"","meta":{"_acf_changed":false},"class_list":["post-347","luogo","type-luogo","status-publish","has-post-thumbnail","hentry"],"acf":[],"yoast_head":"<!-- This site is optimized with the Yoast SEO plugin v27.3 - https:\/\/yoast.com\/product\/yoast-seo-wordpress\/ -->\n<title>Il Faro - Rio Linciano 14<\/title>\n<meta name=\"robots\" content=\"index, follow, max-snippet:-1, max-image-preview:large, max-video-preview:-1\" \/>\n<link rel=\"canonical\" href=\"https:\/\/staging1.agrelliebasta.it\/en\/luogo\/il-faro\/\" \/>\n<meta property=\"og:locale\" content=\"en_GB\" \/>\n<meta property=\"og:type\" content=\"article\" \/>\n<meta property=\"og:title\" content=\"Il Faro - Rio Linciano 14\" \/>\n<meta property=\"og:description\" content=\"Il faro di Punta Carena \u00e8 situato nell\u2019isola di Capri sul capo omonimo a circa 3 km a sud-ovest di Anacapri. l faro \u00e8 attivo dal 1867. La sua costruzione \u00e8 iniziata nel 1862 su progetto degli ingegneri borbonici ed \u00e8 tra i maggiori fari d\u2019Italia per dimensioni e potenza, dopo quello di Genova. Il [&hellip;]\" \/>\n<meta property=\"og:url\" content=\"https:\/\/staging1.agrelliebasta.it\/en\/luogo\/il-faro\/\" \/>\n<meta property=\"og:site_name\" content=\"Rio Linciano 14\" \/>\n<meta property=\"og:image\" content=\"https:\/\/staging1.agrelliebasta.it\/wp-content\/uploads\/2026\/02\/Faro.jpg\" \/>\n\t<meta property=\"og:image:width\" content=\"750\" \/>\n\t<meta property=\"og:image:height\" content=\"660\" \/>\n\t<meta property=\"og:image:type\" content=\"image\/jpeg\" \/>\n<meta name=\"twitter:card\" content=\"summary_large_image\" \/>\n<script type=\"application\/ld+json\" class=\"yoast-schema-graph\">{\"@context\":\"https:\\\/\\\/schema.org\",\"@graph\":[{\"@type\":\"WebPage\",\"@id\":\"https:\\\/\\\/staging1.agrelliebasta.it\\\/luogo\\\/il-faro\\\/\",\"url\":\"https:\\\/\\\/staging1.agrelliebasta.it\\\/luogo\\\/il-faro\\\/\",\"name\":\"Il Faro - Rio Linciano 14\",\"isPartOf\":{\"@id\":\"https:\\\/\\\/staging1.agrelliebasta.it\\\/#website\"},\"primaryImageOfPage\":{\"@id\":\"https:\\\/\\\/staging1.agrelliebasta.it\\\/luogo\\\/il-faro\\\/#primaryimage\"},\"image\":{\"@id\":\"https:\\\/\\\/staging1.agrelliebasta.it\\\/luogo\\\/il-faro\\\/#primaryimage\"},\"thumbnailUrl\":\"https:\\\/\\\/staging1.agrelliebasta.it\\\/wp-content\\\/uploads\\\/2026\\\/02\\\/Faro.jpg\",\"datePublished\":\"2026-02-26T16:56:59+00:00\",\"breadcrumb\":{\"@id\":\"https:\\\/\\\/staging1.agrelliebasta.it\\\/luogo\\\/il-faro\\\/#breadcrumb\"},\"inLanguage\":\"en-GB\",\"potentialAction\":[{\"@type\":\"ReadAction\",\"target\":[\"https:\\\/\\\/staging1.agrelliebasta.it\\\/luogo\\\/il-faro\\\/\"]}]},{\"@type\":\"ImageObject\",\"inLanguage\":\"en-GB\",\"@id\":\"https:\\\/\\\/staging1.agrelliebasta.it\\\/luogo\\\/il-faro\\\/#primaryimage\",\"url\":\"https:\\\/\\\/staging1.agrelliebasta.it\\\/wp-content\\\/uploads\\\/2026\\\/02\\\/Faro.jpg\",\"contentUrl\":\"https:\\\/\\\/staging1.agrelliebasta.it\\\/wp-content\\\/uploads\\\/2026\\\/02\\\/Faro.jpg\",\"width\":750,\"height\":660},{\"@type\":\"BreadcrumbList\",\"@id\":\"https:\\\/\\\/staging1.agrelliebasta.it\\\/luogo\\\/il-faro\\\/#breadcrumb\",\"itemListElement\":[{\"@type\":\"ListItem\",\"position\":1,\"name\":\"Home\",\"item\":\"https:\\\/\\\/staging1.agrelliebasta.it\\\/\"},{\"@type\":\"ListItem\",\"position\":2,\"name\":\"Il Faro\"}]},{\"@type\":\"WebSite\",\"@id\":\"https:\\\/\\\/staging1.agrelliebasta.it\\\/#website\",\"url\":\"https:\\\/\\\/staging1.agrelliebasta.it\\\/\",\"name\":\"Rio Linciano 14\",\"description\":\"Luxury B&amp;B a Capri\",\"publisher\":{\"@id\":\"https:\\\/\\\/staging1.agrelliebasta.it\\\/#organization\"},\"potentialAction\":[{\"@type\":\"SearchAction\",\"target\":{\"@type\":\"EntryPoint\",\"urlTemplate\":\"https:\\\/\\\/staging1.agrelliebasta.it\\\/?s={search_term_string}\"},\"query-input\":{\"@type\":\"PropertyValueSpecification\",\"valueRequired\":true,\"valueName\":\"search_term_string\"}}],\"inLanguage\":\"en-GB\"},{\"@type\":\"Organization\",\"@id\":\"https:\\\/\\\/staging1.agrelliebasta.it\\\/#organization\",\"name\":\"Rio Linciano 14\",\"url\":\"https:\\\/\\\/staging1.agrelliebasta.it\\\/\",\"logo\":{\"@type\":\"ImageObject\",\"inLanguage\":\"en-GB\",\"@id\":\"https:\\\/\\\/staging1.agrelliebasta.it\\\/#\\\/schema\\\/logo\\\/image\\\/\",\"url\":\"https:\\\/\\\/staging1.agrelliebasta.it\\\/wp-content\\\/uploads\\\/2026\\\/02\\\/rio-linciano-14-luxury-beb-capri.png\",\"contentUrl\":\"https:\\\/\\\/staging1.agrelliebasta.it\\\/wp-content\\\/uploads\\\/2026\\\/02\\\/rio-linciano-14-luxury-beb-capri.png\",\"width\":300,\"height\":134,\"caption\":\"Rio Linciano 14\"},\"image\":{\"@id\":\"https:\\\/\\\/staging1.agrelliebasta.it\\\/#\\\/schema\\\/logo\\\/image\\\/\"}}]}<\/script>\n<!-- \/ Yoast SEO plugin. -->","yoast_head_json":{"title":"Il Faro - Rio Linciano 14","robots":{"index":"index","follow":"follow","max-snippet":"max-snippet:-1","max-image-preview":"max-image-preview:large","max-video-preview":"max-video-preview:-1"},"canonical":"https:\/\/staging1.agrelliebasta.it\/en\/luogo\/il-faro\/","og_locale":"en_GB","og_type":"article","og_title":"Il Faro - Rio Linciano 14","og_description":"Il faro di Punta Carena \u00e8 situato nell\u2019isola di Capri sul capo omonimo a circa 3 km a sud-ovest di Anacapri. l faro \u00e8 attivo dal 1867. La sua costruzione \u00e8 iniziata nel 1862 su progetto degli ingegneri borbonici ed \u00e8 tra i maggiori fari d\u2019Italia per dimensioni e potenza, dopo quello di Genova. Il [&hellip;]","og_url":"https:\/\/staging1.agrelliebasta.it\/en\/luogo\/il-faro\/","og_site_name":"Rio Linciano 14","og_image":[{"width":750,"height":660,"url":"https:\/\/staging1.agrelliebasta.it\/wp-content\/uploads\/2026\/02\/Faro.jpg","type":"image\/jpeg"}],"twitter_card":"summary_large_image","schema":{"@context":"https:\/\/schema.org","@graph":[{"@type":"WebPage","@id":"https:\/\/staging1.agrelliebasta.it\/luogo\/il-faro\/","url":"https:\/\/staging1.agrelliebasta.it\/luogo\/il-faro\/","name":"Il Faro - Rio Linciano 14","isPartOf":{"@id":"https:\/\/staging1.agrelliebasta.it\/#website"},"primaryImageOfPage":{"@id":"https:\/\/staging1.agrelliebasta.it\/luogo\/il-faro\/#primaryimage"},"image":{"@id":"https:\/\/staging1.agrelliebasta.it\/luogo\/il-faro\/#primaryimage"},"thumbnailUrl":"https:\/\/staging1.agrelliebasta.it\/wp-content\/uploads\/2026\/02\/Faro.jpg","datePublished":"2026-02-26T16:56:59+00:00","breadcrumb":{"@id":"https:\/\/staging1.agrelliebasta.it\/luogo\/il-faro\/#breadcrumb"},"inLanguage":"en-GB","potentialAction":[{"@type":"ReadAction","target":["https:\/\/staging1.agrelliebasta.it\/luogo\/il-faro\/"]}]},{"@type":"ImageObject","inLanguage":"en-GB","@id":"https:\/\/staging1.agrelliebasta.it\/luogo\/il-faro\/#primaryimage","url":"https:\/\/staging1.agrelliebasta.it\/wp-content\/uploads\/2026\/02\/Faro.jpg","contentUrl":"https:\/\/staging1.agrelliebasta.it\/wp-content\/uploads\/2026\/02\/Faro.jpg","width":750,"height":660},{"@type":"BreadcrumbList","@id":"https:\/\/staging1.agrelliebasta.it\/luogo\/il-faro\/#breadcrumb","itemListElement":[{"@type":"ListItem","position":1,"name":"Home","item":"https:\/\/staging1.agrelliebasta.it\/"},{"@type":"ListItem","position":2,"name":"Il Faro"}]},{"@type":"WebSite","@id":"https:\/\/staging1.agrelliebasta.it\/#website","url":"https:\/\/staging1.agrelliebasta.it\/","name":"Rio Linciano 14","description":"Luxury B&amp;B a Capri","publisher":{"@id":"https:\/\/staging1.agrelliebasta.it\/#organization"},"potentialAction":[{"@type":"SearchAction","target":{"@type":"EntryPoint","urlTemplate":"https:\/\/staging1.agrelliebasta.it\/?s={search_term_string}"},"query-input":{"@type":"PropertyValueSpecification","valueRequired":true,"valueName":"search_term_string"}}],"inLanguage":"en-GB"},{"@type":"Organization","@id":"https:\/\/staging1.agrelliebasta.it\/#organization","name":"Rio Linciano 14","url":"https:\/\/staging1.agrelliebasta.it\/","logo":{"@type":"ImageObject","inLanguage":"en-GB","@id":"https:\/\/staging1.agrelliebasta.it\/#\/schema\/logo\/image\/","url":"https:\/\/staging1.agrelliebasta.it\/wp-content\/uploads\/2026\/02\/rio-linciano-14-luxury-beb-capri.png","contentUrl":"https:\/\/staging1.agrelliebasta.it\/wp-content\/uploads\/2026\/02\/rio-linciano-14-luxury-beb-capri.png","width":300,"height":134,"caption":"Rio Linciano 14"},"image":{"@id":"https:\/\/staging1.agrelliebasta.it\/#\/schema\/logo\/image\/"}}]}},"_links":{"self":[{"href":"https:\/\/staging1.agrelliebasta.it\/en\/wp-json\/wp\/v2\/luogo\/347","targetHints":{"allow":["GET"]}}],"collection":[{"href":"https:\/\/staging1.agrelliebasta.it\/en\/wp-json\/wp\/v2\/luogo"}],"about":[{"href":"https:\/\/staging1.agrelliebasta.it\/en\/wp-json\/wp\/v2\/types\/luogo"}],"wp:featuredmedia":[{"embeddable":true,"href":"https:\/\/staging1.agrelliebasta.it\/en\/wp-json\/wp\/v2\/media\/348"}],"wp:attachment":[{"href":"https:\/\/staging1.agrelliebasta.it\/en\/wp-json\/wp\/v2\/media?parent=347"}],"curies":[{"name":"wp","href":"https:\/\/api.w.org\/{rel}","templated":true}]}}

<!-- This site is optimized with the Yoast SEO plugin v27.3 - https://yoast.com/product/yoast-seo-wordpress/ -->
<title>Il Faro - Rio Linciano 14</title>
<meta name="robots" content="index, follow, max-snippet:-1, max-image-preview:large, max-video-preview:-1" />
<link rel="canonical" href="https://staging1.agrelliebasta.it/en/luogo/il-faro/" />
<meta property="og:locale" content="en_GB" />
<meta property="og:type" content="article" />
<meta property="og:title" content="Il Faro - Rio Linciano 14" />
<meta property="og:description" content="Il faro di Punta Carena è situato nell’isola di Capri sul capo omonimo a circa 3 km a sud-ovest di Anacapri. l faro è attivo dal 1867. La sua costruzione è iniziata nel 1862 su progetto degli ingegneri borbonici ed è tra i maggiori fari d’Italia per dimensioni e potenza, dopo quello di Genova. Il [&hellip;]" />
<meta property="og:url" content="https://staging1.agrelliebasta.it/en/luogo/il-faro/" />
<meta property="og:site_name" content="Rio Linciano 14" />
<meta property="og:image" content="https://staging1.agrelliebasta.it/wp-content/uploads/2026/02/Faro.jpg" />
	<meta property="og:image:width" content="750" />
	<meta property="og:image:height" content="660" />
	<meta property="og:image:type" content="image/jpeg" />
<meta name="twitter:card" content="summary_large_image" />
<script type="application/ld+json" class="yoast-schema-graph">{"@context":"https:\/\/schema.org","@graph":[{"@type":"WebPage","@id":"https:\/\/staging1.agrelliebasta.it\/luogo\/il-faro\/","url":"https:\/\/staging1.agrelliebasta.it\/luogo\/il-faro\/","name":"Il Faro - Rio Linciano 14","isPartOf":{"@id":"https:\/\/staging1.agrelliebasta.it\/#website"},"primaryImageOfPage":{"@id":"https:\/\/staging1.agrelliebasta.it\/luogo\/il-faro\/#primaryimage"},"image":{"@id":"https:\/\/staging1.agrelliebasta.it\/luogo\/il-faro\/#primaryimage"},"thumbnailUrl":"https:\/\/staging1.agrelliebasta.it\/wp-content\/uploads\/2026\/02\/Faro.jpg","datePublished":"2026-02-26T16:56:59+00:00","breadcrumb":{"@id":"https:\/\/staging1.agrelliebasta.it\/luogo\/il-faro\/#breadcrumb"},"inLanguage":"en-GB","potentialAction":[{"@type":"ReadAction","target":["https:\/\/staging1.agrelliebasta.it\/luogo\/il-faro\/"]}]},{"@type":"ImageObject","inLanguage":"en-GB","@id":"https:\/\/staging1.agrelliebasta.it\/luogo\/il-faro\/#primaryimage","url":"https:\/\/staging1.agrelliebasta.it\/wp-content\/uploads\/2026\/02\/Faro.jpg","contentUrl":"https:\/\/staging1.agrelliebasta.it\/wp-content\/uploads\/2026\/02\/Faro.jpg","width":750,"height":660},{"@type":"BreadcrumbList","@id":"https:\/\/staging1.agrelliebasta.it\/luogo\/il-faro\/#breadcrumb","itemListElement":[{"@type":"ListItem","position":1,"name":"Home","item":"https:\/\/staging1.agrelliebasta.it\/"},{"@type":"ListItem","position":2,"name":"Il Faro"}]},{"@type":"WebSite","@id":"https:\/\/staging1.agrelliebasta.it\/#website","url":"https:\/\/staging1.agrelliebasta.it\/","name":"Rio Linciano 14","description":"Luxury B&amp;B a Capri","publisher":{"@id":"https:\/\/staging1.agrelliebasta.it\/#organization"},"potentialAction":[{"@type":"SearchAction","target":{"@type":"EntryPoint","urlTemplate":"https:\/\/staging1.agrelliebasta.it\/?s={search_term_string}"},"query-input":{"@type":"PropertyValueSpecification","valueRequired":true,"valueName":"search_term_string"}}],"inLanguage":"en-GB"},{"@type":"Organization","@id":"https:\/\/staging1.agrelliebasta.it\/#organization","name":"Rio Linciano 14","url":"https:\/\/staging1.agrelliebasta.it\/","logo":{"@type":"ImageObject","inLanguage":"en-GB","@id":"https:\/\/staging1.agrelliebasta.it\/#\/schema\/logo\/image\/","url":"https:\/\/staging1.agrelliebasta.it\/wp-content\/uploads\/2026\/02\/rio-linciano-14-luxury-beb-capri.png","contentUrl":"https:\/\/staging1.agrelliebasta.it\/wp-content\/uploads\/2026\/02\/rio-linciano-14-luxury-beb-capri.png","width":300,"height":134,"caption":"Rio Linciano 14"},"image":{"@id":"https:\/\/staging1.agrelliebasta.it\/#\/schema\/logo\/image\/"}}]}</script>
<!-- / Yoast SEO plugin. -->

Il faro di Punta Carena è situato nell’isola di Capri sul capo omonimo a circa 3 km a sud-ovest di Anacapri. l faro è attivo dal 1867. La sua costruzione è iniziata nel 1862 su progetto degli ingegneri borbonici ed è tra i maggiori fari d’Italia per dimensioni e potenza, dopo quello di Genova. Il [&hellip;]
